 remainder when 2172 is divided by 537?
24
What is the remainder when 1316 is divided by 49?
42
What is the remainder when 224 is divided by 27?
8
Calculate the remainder when 104 is divided by 29.
17
What is the remainder when 209 is divided by 50?
9
Calculate the remainder when 99 is divided by 5.
4
What is the remainder when 300 is divided by 87?
39
Calculate the remainder when 191 is divided by 29.
17
What is the remainder when 352 is divided by 89?
85
Calculate the remainder when 1306 is divided by 7.
4
What is the remainder when 601 is divided by 51?
40
What is the remainder when 265 is divided by 67?
64
Calculate the remainder when 40 is divided by 23.
17
What is the remainder when 513 is divided by 27?
0
What is the remainder when 1578 is divided by 228?
210
What is the remainder when 189 is divided by 35?
14
Calculate the remainder when 582 is divided by 15.
12
Calculate the remainder when 197 is divided by 11.
10
What is the remainder when 5652 is divided by 202?
198
Calculate the remainder when 35 is divided by 15.
5
Calculate the remainder when 11345 is divided by 39.
35
Calculate the remainder when 433 is divided by 17.
8
What is the remainder when 1245 is divided by 48?
45
What is the remainder when 846 is divided by 28?
6
What is the remainder when 251 is divided by 39?
17
Calculate the remainder when 563 is divided by 560.
3
What is the remainder when 387 is divided by 24?
3
Calculate the remainder when 517 is divided by 260.
257
What is the remainder when 145 is divided by 75?
70
What is the remainder when 33970 is divided by 23?
22
Calculate the remainder when 529 is divided by 44.
1
Calculate the remainder when 1454 is divided by 52.
50
What is the remainder when 3199 is divided by 64?
63
Calculate the remainder when 2238 is divided by 28.
26
What is the remainder when 176 is divided by 69?
38
What is the remainder when 660 is divided by 123?
45
Calculate the remainder when 995 is divided by 982.
13
Calculate the remainder when 1180 is divided by 91.
88
Calculate the remainder when 408 is divided by 142.
124
What is the remainder when 105 is divided by 15?
0
What is the remainder when 139 is divided by 137?
2
What is the remainder when 3162 is divided by 28?
26
Calculate the remainder when 1887 is divided by 70.
67
What is the remainder when 98 is divided by 54?
44
What is the remainder when 314 is divided by 52?
2
What is the remainder when 774 is divided by 46?
38
What is the remainder when 63 is divided by 32?
31
Calculate the remainder when 326 is divided by 69.
50
What is the remainder when 69 is divided by 34?
1
What is the remainder when 163 is divided by 21?
16
What is the remainder when 162 is divided by 44?
30
What is the remainder when 105 is divided by 28?
21
What is the remainder when 7740 is divided by 50?
40
What is the remainder when 80 is divided by 44?
36
Calculate the remainder when 213 is divided by 20.
13
What is the remainder when 217 is divided by 89?
39
Calculate the remainder when 238 is divided by 78.
4
What is the remainder when 304 is divided by 3?
1
What is the remainder when 105 is divided by 57?
48
What is the remainder when 1265 is divided by 1252?
13
What is the remainder when 196 is divided by 50?
46
Calculate the remainder when 66 is divided by 5.
1
What is the remainder when 51 is divided by 21?
9
Calculate the remainder when 133 is divided by 72.
61
Calculate the remainder when 429 is divided by 135.
24
What is the remainder when 1497 is divided by 291?
42
Calculate the remainder when 842 is divided by 16.
10
Calculate the remainder when 101 is divided by 33.
2
Calculate the remainder when 190 is divided by 16.
14
What is the remainder when 106 is divided by 42?
22
What is the remainder when 919 is divided by 49?
37
Calculate the remainder when 364 is divided by 34.
24
Calculate the remainder when 1109 is divided by 8.
5
Calculate the remainder when 316 is divided by 75.
16
Calculate the remainder when 2580 is divided by 29.
28
What is the remainder when 229 is divided by 20?
9
Calculate the remainder when 977 is divided by 112.
81
What is the remainder when 72 is divided by 19?
15
What is the remainder when 44 is divided by 39?
5
What is the remainder when 68 is divided by 36?
32
Calculate the remainder when 164 is divided by 83.
81
Calculate the remainder when 730 is divided by 78.
28
Calculate the remainder when 569 is divided by 119.
93
Calculate the remainder when 1104 is divided by 292.
228
What is the remainder when 1211 is divided by 20?
11
What is the remainder when 270 is divided by 17?
15
What is the remainder when 373 is divided by 63?
58
Calculate the remainder when 110 is divided by 56.
54
Calculate the remainder when 128 is divided by 13.
11
What is the remainder when 172 is divided by 40?
12
Calculate the remainder when 116 is divided by 63.
53
Calculate the remainder when 737 is divided by 45.
17
Calculate the remainder when 402 is divided by 41.
33
Calculate the remainder when 196 is divided by 68.
60
Calculate the remainder when 124 is divided by 25.
24
What is the remainder when 12234 is divided by 1358?
12
Calculate the remainder when 3435 is divided by 288.
267
What is the remainder when 162 is divided by 35?
22
What is the remainder when 290 is divided by 74?
68
What is the remainder when 102 is divided by 39?
24
Calculate the remainder when 17099 is divided by 36.
35
What is the remainder when 2185 is divided by 219?
214
What is the remainder when 232 is divided by 13?
11
What is the remainder when 515 is divided by 40?
35
What is the remainder when 5238 is divided by 19?
13
What is the remainder when 2591 is divided by 510?
41
Calculate the remainder when 182 is divided by 19.
11
Calculate the remainder when 171 is divided by 42.
3
Calculate the remainder when 298 is divided by 50.
48
What is the remainder when 334 is divided by 28?
26
What is the remainder when 766 is divided by 55?
51
Calculate the remainder when 529 is divided by 248.
33
What is the remainder when 168 is divided by 65?
38
What is the remainder when 2034 is divided by 11?
10
Calculate the remainder when 712 is divided by 17.
15
Calculate the remainder when 326 is divided by 318.
8
Calculate the remainder when 1384 is divided by 66.
64
Calculate the remainder when 11766 is divided by 287.
286
Calculate the remainder when 1522 is divided by 506.
4
What is the remainder when 5898 is divided by 369?
363
What is the remainder when 263 is divided by 58?
31
What is the remainder when 9495 is divided by 68?
43
Calculate the remainder when 2657 is divided by 95.
92
Calculate the remainder when 234 is divided by 29.
2
What is the remainder when 491 is divided by 167?
157
Calculate the remainder when 5925 is divided by 8.
5
What is the remainder when 77 is divided by 50?
27
Calculate the remainder when 286 is divided by 162.
124
What is the remainder when 128 is divided by 89?
39
Calculate the remainder when 11813 is divided by 38.
33
Calculate the remainder when 161 is divided by 45.
26
What is the remainder when 201 is divided by 60?
21
Calculate the remainder when 1344 is divided by 57.
33
Calculate the remainder when 101 is divided by 18.
11
Calculate the remainder when 6941 is divided by 239.
10
What is the remainder when 389 is divided by 201?
188
Calculate the remainder when 203 is divided by 58.
29
Calculate the remainder when 156 is divided by 41.
33
What is the remainder when 184 is divided by 96?
88
What is the remainder when 73 is divided by 6?
1
What is the remainder when 55 is divided by 16?
7
What is the remainder when 300 is divided by 33?
3
Calculate the remainder when 81 is divided by 36.
9
What is the remainder when 99 is divided by 49?
1
What is the remainder when 908 is divided by 154?
138
Calculate the remainder when 78 is divided by 8.
6
Calculate the remainder when 5761 is divided by 17.
15
What is the remainder when 2209 is divided by 78?
25
What is the remainder when 818 is divided by 63?
62
Calculate the remainder when 311 is divided by 105.
101
What is the remainder when 576 is divided by 197?
182
What is the remainder when 1265 is divided by 18?
5
What is the remainder when 2107 is divided by 212?
199
Calculate the remainder when 825 is divided by 36.
33
Calculate the rema